re the prime factors of 3968403976?
2, 17, 29179441
List the prime factors of 21950920.
2, 5, 503, 1091
List the prime factors of 1247356356.
2, 3, 103946363
List the prime factors of 1194859377.
3, 44254051
List the prime factors of 5537010046.
2, 811, 3413693
List the prime factors of 56001578.
2, 28000789
List the prime factors of 834718593.
3, 8419, 33049
List the prime factors of 117325435.
5, 641, 36607
What are the prime factors of 22279282?
2, 17, 655273
What are the prime factors of 85287001?
85287001
What are the prime factors of 31041801?
3, 7, 19, 25933
What are the prime factors of 981172924?
2, 67, 3661093
What are the prime factors of 3616374527?
173, 20903899
What are the prime factors of 360940034?
2, 7, 13, 89, 22283
List the prime factors of 1136444946.
2, 3, 7, 13, 409, 727
What are the prime factors of 6625265?
5, 23, 53, 1087
List the prime factors of 3596702796.
2, 3, 99908411
What are the prime factors of 3934702?
2, 23, 3719
What are the prime factors of 97761822?
2, 3, 23, 191, 3709
List the prime factors of 26877192.
2, 3, 71, 15773
What are the prime factors of 321130317?
3, 227, 269, 1753
List the prime factors of 209901399.
3, 137, 510709
List the prime factors of 87331668.
2, 3, 7277639
What are the prime factors of 4265848?
2, 31, 103, 167
List the prime factors of 3631428811.
3631428811
What are the prime factors of 98814030?
2, 3, 5, 7, 17, 89, 311
What are the prime factors of 1517282900?
2, 5, 7, 29, 41, 1823
List the prime factors of 88092788.
2, 7, 127, 3539
List the prime factors of 38463772.
2, 269, 35747
List the prime factors of 2722635957.
3, 227, 3997997
List the prime factors of 1453074.
2, 3, 7, 29, 1193
What are the prime factors of 4361926?
2, 2180963
List the prime factors of 215230725.
3, 5, 439, 2179
What are the prime factors of 3489949933?
173, 179, 251, 449
What are the prime factors of 977106387?
3, 73, 4461673
What are the prime factors of 647424478?
2, 29, 11162491
What are the prime factors of 696445523?
696445523
List the prime factors of 120022792.
2, 15002849
List the prime factors of 403885730.
2, 5, 113, 357421
What are the prime factors of 22474819?
109, 206191
List the prime factors of 400754229.
3, 133584743
List the prime factors of 807320899.
7, 11, 10484687
What are the prime factors of 2965218634?
2, 7, 31, 317, 3079
What are the prime factors of 57371528?
2, 7171441
What are the prime factors of 1266334072?
2, 1429, 110771
What are the prime factors of 431260179?
3, 7, 61, 5519
What are the prime factors of 3840709706?
2, 277, 2633
What are the prime factors of 87813854?
2, 2539, 17293
List the prime factors of 1771698057.
3, 157, 457, 8231
What are the prime factors of 91705672?
2, 673, 17033
List the prime factors of 150554645.
5, 79, 563, 677
What are the prime factors of 35555319?
3, 157, 25163
List the prime factors of 197835673.
7, 23, 59, 353
List the prime factors of 583444232.
2, 7, 10418647
List the prime factors of 5180494803.
3, 11, 156984691
List the prime factors of 146696296.
2, 18337037
List the prime factors of 31109589.
3, 7, 18289
List the prime factors of 157764439.
7, 1163, 19379
List the prime factors of 114080674.
2, 19, 3002123
What are the prime factors of 22675845?
3, 5, 1511723
What are the prime factors of 5429870735?
5, 1085974147
What are the prime factors of 110878345?
5, 379, 58511
What are the prime factors of 63607647?
3, 21202549
What are the prime factors of 526381946?
2, 97, 2713309
List the prime factors of 219139960.
2, 5, 13, 421423
List the prime factors of 50559962.
2, 25279981
List the prime factors of 495609195.
3, 5, 33040613
List the prime factors of 61510567.
61510567
What are the prime factors of 519226819?
519226819
What are the prime factors of 657172531?
16091, 40841
What are the prime factors of 69466301?
17, 4086253
What are the prime factors of 75187956?
2, 3, 73, 85831
List the prime factors of 106145710.
2, 5, 11, 71, 13591
What are the prime factors of 1033564649?
13, 151, 311, 1693
List the prime factors of 236650159.
73, 3241783
What are the prime factors of 585188637?
3, 11, 17, 1043117
List the prime factors of 26455419.
3, 67, 73, 601
List the prime factors of 45685548.
2, 3, 1269043
List the prime factors of 1290038489.
17, 479, 9319
What are the prime factors of 187598780?
2, 5, 19, 41, 12041
List the prime factors of 9446206.
2, 7, 11, 61339
List the prime factors of 52244610.
2, 3, 5, 11, 31, 5107
List the prime factors of 68631000.
2, 3, 5, 22877
What are the prime factors of 177883674?
2, 3, 463, 64033
What are the prime factors of 760852659?
3, 7, 2477, 14627
What are the prime factors of 3520318834?
2, 9781, 179957
List the prime factors of 1280285238.
2, 3, 239, 251, 3557
List the prime factors of 54048484.
2, 7, 59, 32717
What are the prime factors of 169586619?
3, 41, 1039, 1327
List the prime factors of 7519829090.
2, 5, 79, 9518771
What are the prime factors of 115147905?
3, 5, 7676527
List the prime factors of 39794955.
3, 5, 2652997
List the prime factors of 5428271700.
2, 3, 5, 17, 79, 499
List the prime factors of 2732674704.
2, 3, 56930723
What are the prime factors of 500697672?
2, 3, 23, 521, 1741
What are the prime factors of 3420304492?
2, 11, 47, 1653919
List the prime factors of 694869115.
5, 73, 223, 8537
What are the prime factors of 1665551171?
29, 397, 144667
List the prime factors of 1075021648.
2, 29, 499, 4643
List the prime factors of 142963416.
2, 3, 1231, 1613
What are the prime factors of 261048010?
2, 5, 26104801
What are the prime factors of 375403968?
2, 3, 97, 6719
What are the prime factors of 226149144?
2, 3, 13, 724837
List the prime factors of 209760872.
2, 197, 133097
What are the prime factors of 718831259?
23, 61, 512353
List the prime factors of 893387989.
13, 3727, 18439
List the prime factors of 9078558632.
2, 11, 13, 439, 18077
List the prime factors of 389941049.
607, 642407
What are the prime factors of 120239315?
5, 7, 19, 180811
List the prime factors of 1999451301.
3, 19, 179, 195967
What are the prime factors of 83860101?
3, 13, 431, 1663
List the prime factors of 1232651484.
2, 3, 34240319
What are the prime factors of 944957093?
23, 283, 145177
List the prime factors of 2874316705.
5, 13, 127, 348191
What are the prime factors of 136278573?
3, 31, 1465361
What are the prime factors of 2119567181?
691, 3067391
List the prime factors of 261658365.
3, 5, 1951, 8941
List the prime factors of 4457884829.
197, 22628857
What are the prime factors of 203344595?
5, 619, 65701
What are the prime factors of 1292591090?
2, 5, 7, 17, 19, 8167
What are the prime factors of 1279223835?
3, 5, 31, 181, 15199
List the prime factors of 1776932482.
2, 13, 23, 2971459
What are the prime factors of 1518117099?
3, 506039033
What are the prime factors of 1409090320?
2, 5, 11, 1601239
What are the prime factors of 1286445100?
2, 5, 367, 35053
List the prime factors of 1196045.
5, 43, 5563
List the prime factors of 4180273824.
2, 3, 109, 399491
List the prime factors of 830954.
2, 415477
What are the prime factors of 677818849?
17, 2543, 15679
What are the prime factors of 351478921?
351478921
What are the prime factors of 13984614?
2, 3, 7, 110989
List the prime factors of 238081365.
3, 5, 131, 40387
List the prime factors of 17403105.
3, 5, 1160207
What are the prime factors of 3383839811?
11, 331, 523, 1777
What are the prime factors of 91456160?
2, 5, 571601
What are the prime factors of 102546502?
2, 51273251
What are the prime factors of 285891885?
3, 5, 6353153
What are the prime factors of 466228702?
2, 1663, 140177
List the prime factors of 491944823.
491944823
What are the prime factors of 4617888075?
3, 5, 17, 1207291
List the prime factors of 18159637.
37, 173, 2837
List the prime factors of 9021176.
2, 137, 8231
List the prime factors of 343789217.
53, 6486589
List the prime factors of 13006485.
3, 5, 289033
List the prime factors of 1508762724.
2, 3, 7, 641, 4003
List the prime factors of 1127975740.
2, 5, 283, 199289
List the prime factors of 23384638.
2, 751, 15569
List the prime factors of 62490782.
2, 43, 107, 6791
What are the prime factors of 25496341?
13, 1961257
What are the prime factors of 38537985?
3, 5, 19, 135221
What are the prime factors of 5499988